f 437?
19, 23
List the prime factors of 686.
2, 7
What are the prime factors of 33410?
2, 5, 13, 257
What are the prime factors of 10699?
13, 823
What are the prime factors of 7501?
13, 577
List the prime factors of 3560.
2, 5, 89
List the prime factors of 931.
7, 19
What are the prime factors of 15518?
2, 7759
List the prime factors of 2379.
3, 13, 61
What are the prime factors of 314?
2, 157
What are the prime factors of 3375?
3, 5
List the prime factors of 287.
7, 41
List the prime factors of 978.
2, 3, 163
List the prime factors of 3958.
2, 1979
What are the prime factors of 1573?
11, 13
List the prime factors of 1960.
2, 5, 7
List the prime factors of 36854.
2, 18427
What are the prime factors of 2856?
2, 3, 7, 17
List the prime factors of 1475.
5, 59
What are the prime factors of 126?
2, 3, 7
List the prime factors of 9526.
2, 11, 433
What are the prime factors of 40949?
40949
List the prime factors of 20791.
17, 1223
List the prime factors of 88199.
89, 991
List the prime factors of 8449.
7, 17, 71
List the prime factors of 5491.
17, 19
What are the prime factors of 11632?
2, 727
List the prime factors of 4685.
5, 937
List the prime factors of 3415.
5, 683
What are the prime factors of 16045?
5, 3209
List the prime factors of 24852.
2, 3, 19, 109
List the prime factors of 18875.
5, 151
List the prime factors of 179689.
179689
List the prime factors of 477.
3, 53
List the prime factors of 1529.
11, 139
List the prime factors of 9507.
3, 3169
List the prime factors of 10574.
2, 17, 311
What are the prime factors of 52766?
2, 7, 3769
What are the prime factors of 10279?
19, 541
List the prime factors of 1501.
19, 79
List the prime factors of 1517.
37, 41
List the prime factors of 88888.
2, 41, 271
What are the prime factors of 11819?
53, 223
List the prime factors of 24588.
2, 3, 683
List the prime factors of 32928.
2, 3, 7
List the prime factors of 2430.
2, 3, 5
What are the prime factors of 141428?
2, 7, 5051
What are the prime factors of 696?
2, 3, 29
What are the prime factors of 3621?
3, 17, 71
What are the prime factors of 1077?
3, 359
What are the prime factors of 4777?
17, 281
List the prime factors of 14908.
2, 3727
List the prime factors of 15087.
3, 47, 107
What are the prime factors of 999?
3, 37
What are the prime factors of 1503?
3, 167
What are the prime factors of 102142?
2, 51071
List the prime factors of 57603.
3, 7, 13, 211
What are the prime factors of 54996?
2, 3, 4583
List the prime factors of 846.
2, 3, 47
What are the prime factors of 61009?
13, 19
What are the prime factors of 578?
2, 17
What are the prime factors of 11238?
2, 3, 1873
List the prime factors of 8321.
53, 157
List the prime factors of 3527.
3527
What are the prime factors of 61183?
17, 59, 61
List the prime factors of 9405.
3, 5, 11, 19
What are the prime factors of 62475?
3, 5, 7, 17
What are the prime factors of 4980?
2, 3, 5, 83
What are the prime factors of 9731?
37, 263
List the prime factors of 761.
761
List the prime factors of 19351.
37, 523
What are the prime factors of 30591?
3, 11, 103
What are the prime factors of 2429?
7, 347
What are the prime factors of 5987?
5987
List the prime factors of 13985.
5, 2797
What are the prime factors of 13834?
2, 6917
List the prime factors of 1061.
1061
List the prime factors of 3801.
3, 7, 181
What are the prime factors of 746?
2, 373
What are the prime factors of 48303?
3, 1789
List the prime factors of 1727.
11, 157
List the prime factors of 74840.
2, 5, 1871
What are the prime factors of 515?
5, 103
What are the prime factors of 27213?
3, 47, 193
List the prime factors of 14456.
2, 13, 139
What are the prime factors of 248?
2, 31
List the prime factors of 10322.
2, 13, 397
List the prime factors of 858.
2, 3, 11, 13
List the prime factors of 93748.
2, 23, 1019
List the prime factors of 4127.
4127
What are the prime factors of 53688?
2, 3, 2237
What are the prime factors of 88766?
2, 44383
List the prime factors of 7070.
2, 5, 7, 101
What are the prime factors of 662?
2, 331
What are the prime factors of 4079?
4079
What are the prime factors of 1284?
2, 3, 107
List the prime factors of 189788.
2, 17, 2791
List the prime factors of 9623.
9623
What are the prime factors of 165015?
3, 5, 19, 193
What are the prime factors of 2879?
2879
List the prime factors of 6522.
2, 3, 1087
List the prime factors of 7207.
7207
What are the prime factors of 119617?
119617
What are the prime factors of 36401?
89, 409
What are the prime factors of 68851?
31, 2221
List the prime factors of 70292.
2, 17573
What are the prime factors of 35171?
35171
List the prime factors of 53498.
2, 23, 1163
What are the prime factors of 8561?
7, 1223
List the prime factors of 3647.
7, 521
List the prime factors of 1141.
7, 163
What are the prime factors of 19085?
5, 11, 347
List the prime factors of 614.
2, 307
What are the prime factors of 25637?
31, 827
List the prime factors of 10533.
3, 3511
List the prime factors of 1240.
2, 5, 31
What are the prime factors of 49115?
5, 11, 19, 47
List the prime factors of 5226.
2, 3, 13, 67
What are the prime factors of 3777?
3, 1259
What are the prime factors of 13875?
3, 5, 37
What are the prime factors of 945?
3, 5, 7
List the prime factors of 6610.
2, 5, 661
List the prime factors of 9949.
9949
List the prime factors of 39903.
3, 47, 283
What are the prime factors of 1300?
2, 5, 13
What are the prime factors of 49873?
53, 941
What are the prime factors of 3351?
3, 1117
What are the prime factors of 861?
3, 7, 41
List the prime factors of 16712.
2, 2089
What are the prime factors of 4927?
13, 379
List the prime factors of 18818.
2, 97
List the prime factors of 10708.
2, 2677
What are the prime factors of 916?
2, 229
What are the prime factors of 6259?
11, 569
List the prime factors of 182282.
2, 91141
What are the prime factors of 9811?
9811
What are the prime factors of 1488?
2, 3, 31
List the prime factors of 61.
61
What are the prime factors of 667?
23, 29
What are the prime factors of 804?
2, 3, 67
What are the prime factors of 21636?
2, 3, 601
List the prime factors of 1797.
3, 599
What are the prime factors of 4161?
3, 19, 73
List the prime factors of 6881.
7, 983
List the prime factors of 2514.
2, 3, 419
What are the prime factors of 2083?
2083
What are the prime factors of 247?
13, 19
What are the prime factors of 47156?
2, 11789
List the prime factors of 2330.
2, 5, 233
What are the prime factors of 4906?
2, 11, 223
What are the prime factors of 2991?
3, 997
What are the prime factors of 13784?
2, 1723
List the prime factors of 12425.
5, 7, 71
What are the prime factors of 137?
137
List the prime factors of 3876.
2, 3, 17, 19
List the prime factors of 38537.
89, 433
What are the prime factors of 24132?
2, 3, 2011
What are the prime factors of 30535?
5, 31, 197
What are the prime factors of 28870?
2, 5, 2887
List the prime factors of 28885.
5, 53, 109
List the prime factors of 14591.
14591
What are the prime factors of 9423?
3, 349
List the prime factors of 12078.
2, 3, 11, 61
List the prime factors of 19743.
3, 6581
List the prime factors of 1098.
2, 3, 61
List the prime factors of 5750.
2, 5, 23
What are the prime factors of 1502?
2, 751
What are the prime factors of 1231?
1231
What are the prime factors of 256?
2
List the prime factors of 169.
13
What are the prime factors of 20575?
5, 823
List the prime factors of 1185.
3, 5, 79
What are the prime factors of 1525?
5, 61
What are the prime factors of 14933?
109, 137
What are the prime factors of 6070?
2, 5, 607
List the prime factors of 1831.
1831
List the prime factors of 15077.
15077
List the prime factors of 78369.
3, 151, 173
What are the prime factors of 1667?
1667
List the prime factors of 917.
7, 131
What are the prime factors of 24037?
13, 43
List the prime factors of 5768.
2, 7, 103
What are the prime factors of 1471?
1471
List the prime factors of 5459.
53, 103
List the prime factors of 1012.
2, 11, 23
What are the prime factors of 4747?
47, 101
What are the prime factors of 14844?
2, 3, 1237
List the prime factors of 106337.
7, 11, 1381
What are the prime factors of 9039?
3, 23, 131
What are the prime factors of 18660?
2, 3, 5, 311
What are the prime factors of 1065?
3, 5, 71
What are the prime factors of 7423?
13, 57